{"id":13,"date":"2020-07-22T14:12:00","date_gmt":"2020-07-22T14:12:00","guid":{"rendered":"https:\/\/satchmo.secondlinethemes.com\/?page_id=13"},"modified":"2024-12-16T16:43:28","modified_gmt":"2024-12-16T15:43:28","slug":"home","status":"publish","type":"page","link":"https:\/\/www.zweiuebernull.de\/index.php\/home\/","title":{"rendered":"Home"},"content":{"rendered":"<ul>\n<li>\n\t\t\t\t\t\t<a href=\"https:\/\/www.zweiuebernull.de\/index.php\/2019\/07\/22\/episode-2-music-production-for-dummies\/\"><\/p>\n<h2>E001: 1\u00dc0<\/h2>\n<p><\/a><br \/>\n\t\t\t\t\t\t\t\t<a href=\"https:\/\/www.zweiuebernull.de\/index.php\/2019\/07\/22\/episode-2-music-production-for-dummies\/\">22. Juli 2019<\/a><br \/>\n\t\t\t\t\t\t\t\t<a href=\"https:\/\/www.zweiuebernull.de\/index.php\/author\/raffelt\/\">Christoph Raffelt<\/a><br \/>\n\t\t\t\t\t\t\t\t\t\tMusic<br \/>\n\t\t\t\t\t\t\t\t02:16\t\t\t\t\t\t\t\t<a href=\"https:\/\/www.zweiuebernull.de\/index.php\/2019\/07\/22\/episode-2-music-production-for-dummies\/#respond\">0 Comments<\/a><\/p>\n<p>\n\t\t\t\t\t\t\t\t\t\tA wonderful serenity has taken possession of my entire soul, like these sweet mornings of spring which I enjoy with my whole heart. I am alone, and feel the&#8230;\t\t\t\t\t\t\t\t\t\t\t\t\t\t\t\t\t\t\t<\/p>\n<p>\t\t\t\t\t\t\t<!--[if lt IE 9]><![endif]--><br \/>\n<audio id=\"audio-47-1\" preload=\"none\" style=\"width: 100%;\" controls=\"controls\"><source type=\"audio\/mpeg\" src=\"https:\/\/dixie.secondlinethemes.com\/wp-content\/uploads\/2017\/07\/aj-jazz-trumpet.mp3?_=1\" \/><a href=\"https:\/\/dixie.secondlinethemes.com\/wp-content\/uploads\/2017\/07\/aj-jazz-trumpet.mp3\">https:\/\/dixie.secondlinethemes.com\/wp-content\/uploads\/2017\/07\/aj-jazz-trumpet.mp3<\/a><\/audio><\/p>\n<aside>\n<p><a href=\"https:\/\/www.zweiuebernull.de\/podcast-download\/47\/episode-2-music-production-for-dummies?ref=download\" title=\"E001: 1\u00dc0 \">Datei herunterladen<\/a> | <a href=\"https:\/\/www.zweiuebernull.de\/podcast-download\/47\/episode-2-music-production-for-dummies?ref=new_window\" target=\"_blank\" title=\"E001: 1\u00dc0 \">In neuem Fenster abspielen<\/a> | Audiol\u00e4nge: 02:16 | Aufgenommen am  22. Juli 2019<\/p>\n<\/aside>\n<p>\t\t\t<!-- close .slider-content-max-width --><br \/>\n\t\t<!-- close .slider-text-floating-container --><br \/>\n\t<!-- close .slider-elements-display-table --><br \/>\n<!-- close .secondline-elements-slider-background -->\n\t\t\t\t<\/li>\n<\/ul>\n<p>\t\t<!-- #-elements-secondline-flexslider-784e053 --><br \/>\n\t<!-- close .secondline-themes-post-slider-main --><\/p>\n<h2>Latest Episodes<\/h2>\n<p><a href=\"https:\/\/www.zweiuebernull.de\/index.php\/2019\/07\/22\/episode-1-design-in-the-21st-century\/\"><br \/>\n\t\t\t\t\t\t\t\t\t\t    <img loading=\"lazy\" width=\"350\" height=\"219\" src=\"https:\/\/www.zweiuebernull.de\/wp-content\/uploads\/2017\/07\/alex-holyoake-60249.jpg\" alt=\"\" decoding=\"async\" \/>                    \t\t\t\t<\/a><br \/>\n\t\t\t<!-- close .secondline-themes-feaured-image --><br \/>\n\t\t<!-- close gallery --><\/p>\n<h2>\n\t\t\t\t<a href=\"https:\/\/www.zweiuebernull.de\/index.php\/2019\/07\/22\/episode-1-design-in-the-21st-century\/\"><br \/>\nE000: 1\u00dc0 &#8211; Der Pilot<\/a><\/h2>\n<p>\t\t\t\t\t22. Juli 2019<br \/>\n\t\t\t\t\t<a href=\"https:\/\/www.zweiuebernull.de\/index.php\/author\/raffelt\/\">Christoph Raffelt<\/a><br \/>\n\t\t\t\t\t\t\tArt, Design<br \/>\n\t\t\t\t\t02:16<br \/>\n\t\t\t\t\t<a href=\"https:\/\/www.zweiuebernull.de\/index.php\/2019\/07\/22\/episode-1-design-in-the-21st-century\/#respond\">0 Comments<\/a><\/p>\n<p>A wonderful serenity has taken possession of my entire soul, like these sweet mornings of spring which I enjoy with my whole heart. I am alone, and feel the&#8230;<\/p>\n<p>\t\t\t\t\t\t\t\t<a href=\"https:\/\/www.zweiuebernull.de\/index.php\/2019\/07\/22\/episode-1-design-in-the-21st-century\/\"> Read More<\/a><br \/>\n\t\t\t\t\t<audio id=\"audio-43-2\" preload=\"none\" style=\"width: 100%;\" controls=\"controls\"><source type=\"audio\/mpeg\" src=\"https:\/\/dixie.secondlinethemes.com\/wp-content\/uploads\/2017\/07\/aj-jazz-trumpet.mp3?_=2\" \/><a href=\"https:\/\/dixie.secondlinethemes.com\/wp-content\/uploads\/2017\/07\/aj-jazz-trumpet.mp3\">https:\/\/dixie.secondlinethemes.com\/wp-content\/uploads\/2017\/07\/aj-jazz-trumpet.mp3<\/a><\/audio><\/p>\n<aside>\n<p><a href=\"https:\/\/www.zweiuebernull.de\/podcast-download\/43\/episode-1-design-in-the-21st-century?ref=download\" title=\"E000: 1\u00dc0 &#8211; Der Pilot \">Datei herunterladen<\/a> | <a href=\"https:\/\/www.zweiuebernull.de\/podcast-download\/43\/episode-1-design-in-the-21st-century?ref=new_window\" target=\"_blank\" title=\"E000: 1\u00dc0 &#8211; Der Pilot \">In neuem Fenster abspielen<\/a> | Audiol\u00e4nge: 02:16 | Aufgenommen am  22. Juli 2019<\/p>\n<\/aside>\n<p>\t\t<!-- close .secondline-blog-content --><br \/>\n\t<!-- close .secondline-themes-default-blog-index --><br \/>\n<!-- #post-## --><br \/>\n\t<!-- close .secondline-themes-post-list-main --><\/p>\n<h2>Hinter den Mikrofonen<\/h2>\n<p>\t\t\t\t\t\t\t\t\t\t\t\t\t<img loading=\"lazy\" decoding=\"async\" width=\"300\" height=\"300\" src=\"https:\/\/www.zweiuebernull.de\/wp-content\/uploads\/2024\/12\/Tenschert_1920x1920.jpg\" alt=\"\" \/>\t\t\t\t\t\t\t\t\t\t\t\t\t<\/p>\n<h2>Anne Tenschert<\/h2>\n<p>\t\t\tdie eine Stimme\t\t<\/p>\n<p style=\"text-align: center;\">Duis aute irure dolor in reprehenderit in voluptate velit esse cillum dolore. eu fugiat culpale nulla pariatur excepteur occaecat cupidatat non sint proident.<\/p>\n<p>\t\t\t\t\t\t\t\t\t\t\t\t\t<img loading=\"lazy\" decoding=\"async\" width=\"300\" height=\"300\" src=\"https:\/\/www.zweiuebernull.de\/wp-content\/uploads\/2024\/12\/co-6602_Copyright_Cordula_Kropke.jpg\" alt=\"\" \/>\t\t\t\t\t\t\t\t\t\t\t\t\t<\/p>\n<h2>Christoph Raffelt<\/h2>\n<p>\t\t\tdie andere Stimme\t\t<\/p>\n<p style=\"text-align: center;\">Freischaffend unterwegs mit journalistischen Themen, Gr\u00fcnder des B\u00fcros f\u00fcr Wein und Kommunikation, schreibt und podcastet bei Originalverkorkt.<\/p>\n<h2>Hier k\u00f6nnt Ihr Euch zu unserem Newsletter anmelden<\/h2>\n<p>\t\t[mc4wp_form id=&#8220;22&#8243;]<\/p>\n","protected":false},"excerpt":{"rendered":"<p>E001: 1\u00dc0 22. Juli 2019 Christoph Raffelt Music 02:16 0 Comments A wonderful serenity has taken possession of my entire soul, like these sweet mornings of spring which I enjoy [&hellip;]<\/p>\n","protected":false},"author":2,"featured_media":0,"parent":0,"menu_order":1,"comment_status":"closed","ping_status":"closed","template":"","meta":{"footnotes":""},"class_list":["post-13","page","type-page","status-publish","hentry"],"_links":{"self":[{"href":"https:\/\/www.zweiuebernull.de\/index.php\/wp-json\/wp\/v2\/pages\/13","targetHints":{"allow":["GET"]}}],"collection":[{"href":"https:\/\/www.zweiuebernull.de\/index.php\/wp-json\/wp\/v2\/pages"}],"about":[{"href":"https:\/\/www.zweiuebernull.de\/index.php\/wp-json\/wp\/v2\/types\/page"}],"author":[{"embeddable":true,"href":"https:\/\/www.zweiuebernull.de\/index.php\/wp-json\/wp\/v2\/users\/2"}],"replies":[{"embeddable":true,"href":"https:\/\/www.zweiuebernull.de\/index.php\/wp-json\/wp\/v2\/comments?post=13"}],"version-history":[{"count":14,"href":"https:\/\/www.zweiuebernull.de\/index.php\/wp-json\/wp\/v2\/pages\/13\/revisions"}],"predecessor-version":[{"id":946,"href":"https:\/\/www.zweiuebernull.de\/index.php\/wp-json\/wp\/v2\/pages\/13\/revisions\/946"}],"wp:attachment":[{"href":"https:\/\/www.zweiuebernull.de\/index.php\/wp-json\/wp\/v2\/media?parent=13"}],"curies":[{"name":"wp","href":"https:\/\/api.w.org\/{rel}","templated":true}]}}