{"id":993,"date":"2025-01-08T10:47:39","date_gmt":"2025-01-08T09:47:39","guid":{"rendered":"https:\/\/www.zweiuebernull.de\/?page_id=993"},"modified":"2025-01-11T18:14:23","modified_gmt":"2025-01-11T17:14:23","slug":"impressum","status":"publish","type":"page","link":"https:\/\/www.zweiuebernull.de\/index.php\/impressum\/","title":{"rendered":"Impressum"},"content":{"rendered":"\n<p><\/p>\n\n\n\n<p>\u00bbZwei \u00fcber Null \u2013 der Podcast \u00fcber Getr\u00e4nke mit No und Low Alkohol\u00ab &nbsp;nimmt&nbsp;an keinerlei Linktauschprogrammen teil, noch ver\u00f6ffentlicht es&nbsp;Content von Agenturen, es gibt also keine&nbsp;<em>sponsored posts\/advertorials\/Gastartikel<\/em>. Der Herausgeber ist&nbsp;zwar grunds\u00e4tzlich offen f\u00fcr bestimmte Produkttests, Einladungen zu Veranstaltungen oder Buchbesprechungen, die sich auf den Inhalt dieses Blogs beziehen, sofern damit keinerlei Verpflichtung bzgl. Ver\u00f6ffentlichung und Inhalt der Ver\u00f6ffentlichung verbunden ist, bittet aber um vorherige Kontaktaufnahme, bevor etwas zugesandt wird. Er&nbsp;kennzeichnet alle Artikel, die sich mit Produkten besch\u00e4ftigen, die ihm&nbsp;zugesandt wurden oder sich mit Veranstaltungen besch\u00e4ftigen, zu denen er&nbsp;eingeladen wurde.<\/p>\n\n\n\n<p><strong>Inhaltlich Verantwortlicher gem\u00e4\u00df \u00a7 10 Absatz 3 MDStV:<\/strong><\/p>\n\n\n\n<p>Christoph Raffelt<br>im<br>B\u00fcro f\u00fcr Wein &amp; Kommunikation<br>Rothestra\u00dfe 66<br>22765 Hamburg<br>info (\u00e4t) originalverkorkt (Punkt) de<\/p>\n\n\n\n<p>Bankverbindung:<br>IBAN: DE22 4306 0967 3041 5784 00<br>BIC: GENODEM1GLS<br>Kontoinhaber: Christoph Raffelt<\/p>\n\n\n\n<p>Gem\u00e4\u00df \u00a7 28 BDSG widerspreche ich jeder kommerziellen Verwendung und Weitergabe meiner Daten.<\/p>\n\n\n\n<p>Alle Markennamen, Warenzeichen und eingetragenen Warenzeichen dienen hier nur der Beschreibung. Sie bleiben Eigentum ihrer rechtm\u00e4\u00dfigen Inhaber. Diese Seite hat keinen kommerziellen, sondern ausschlie\u00dflich einen privaten Zweck. Die Verwertung von Inhalten dieser Seiten (Text und\/oder Bild) im Internet oder in anderen Medien bedarf grunds\u00e4tzlich der Genehmigung. Auch ohne eine vorhandene Genehmigung wird die Honorarliste vom Dezember 2006 akzeptiert. Ausgenommen davon sind kurze Zitate mit Quellenangabe (bei Online-Medien mit Link zum Orginal).<\/p>\n\n\n\n<p>Trotz sorgf\u00e4ltiger inhaltlicher \u00dcberpr\u00fcfung \u00fcbernehme ich keine Haftung f\u00fcr externe Links. F\u00fcr den Inhalt der innerhalb dieses Onlineangebots verlinkten Seiten sind die Betreiber dieser Seiten jeweils selbst verantwortlich. Falls ein Link f\u00fcr bedenklich befunden wird, bitte ich um Benachrichtigung.<\/p>\n\n\n\n<p><\/p>\n\n\n\n<p><strong>Fotos, Logo, Text<\/strong>, <strong>Server<\/strong><\/p>\n\n\n\n<p>Das Logo stammt vom <strong><a href=\"https:\/\/studioschoenig.de\" data-type=\"link\" data-id=\"https:\/\/studioschoenig.de\" target=\"_blank\" rel=\"noreferrer noopener\">Studio Sch\u00f6nig<\/a><\/strong>, die Fotos von uns wurden von <strong><a href=\"https:\/\/cordulakropke.de\" data-type=\"link\" data-id=\"https:\/\/cordulakropke.de\" target=\"_blank\" rel=\"noreferrer noopener\">Cordula Kropke<\/a><\/strong> erzeugt, zwei weitere Fotos entstammen der Datenbank von <strong><a href=\"https:\/\/unsplash.com\/de\" data-type=\"link\" data-id=\"https:\/\/unsplash.com\/de\" target=\"_blank\" rel=\"noreferrer noopener\">unsplash<\/a><\/strong> und der Text vom Christoph. Serverkapazit\u00e4ten und technische Unterst\u00fctzung kommen von <a href=\"https:\/\/www.cekom.de\" data-type=\"link\" data-id=\"https:\/\/www.cekom.de\" target=\"_blank\" rel=\"noreferrer noopener\"><strong>cekom<\/strong><\/a>.<\/p>\n\n\n\n<p><strong>Datenschutzerkl\u00e4rung<\/strong><\/p>\n\n\n\n<p><strong>Vorwort<br><\/strong>Grunds\u00e4tzlich ist die Nutzung des Internetangebotes ohne Eingabe personenbezogener Daten m\u00f6glich.<\/p>\n\n\n\n<p><strong>Einsatz von Cookies<br><\/strong>Auf der Webseite werden so genannte Cookies eingesetzt. Cookies sind kleine Textdateien, die auf der Festplatte des Nutzers gespeichert werden. Cookies werden f\u00fcr die sog. Warenkorbfunktion sowie zur Erstellung von Statistiken \u00fcber die Nutzung des Ticketshops eingesetzt, um so das Angebot f\u00fcr den Nutzer st\u00e4ndig zu verbessern. Es werden keine Technologien eingesetzt, die durch Cookies anfallende Informationen mit Nutzerdaten verbinden, um so die Identit\u00e4t des Nutzers festzustellen. Die Webseite kann grunds\u00e4tzlich auch ohne Cookies genutzt werden, was jedoch zu einer eingeschr\u00e4nkten Funktionalit\u00e4t der Webseite f\u00fchren kann. Web-Browser lassen sich so einstellen, dass Cookies generell oder bezogen auf jeden Einzelfall angenommen oder abgelehnt werden.<\/p>\n\n\n\n<p><strong>Links zu anderen Websites<br><\/strong>Innerhalb des Angebots dieser Webseite k\u00f6nnen sich Links zu den Seiten anderer Anbieter befinden. Dem&nbsp;<strong>B\u00fcro f\u00fcr Wein &amp; Kommunikation&nbsp;<\/strong>ist es nicht m\u00f6glich zu \u00fcberpr\u00fcfen, in welcher Form die Anbieter der verlinkten Seiten die Datenschutzbestimmungen der Nutzer einhalten und kann deshalb keine Verantwortung f\u00fcr die Inhalte der verlinkten Seiten \u00fcbernehmen.<\/p>\n\n\n\n<p><strong>Nutzung von Google Analytics<br><\/strong>Diese Website benutzt Google Analytics, einen Webanalysedienst der Google Inc. (\u201e<strong>Google<\/strong>\u201c). Google Analytics verwendet sog. \u201eCookies\u201c, Textdateien, die auf Ihrem Computer gespeichert werden und die eine Analyse der Benutzung der Website durch Sie erm\u00f6glichen. Die durch den Cookie erzeugten Informationen \u00fcber Ihre Benutzung dieser Website werden in der Regel an einen Server von Google in den USA \u00fcbertragen und dort gespeichert. Im Falle der Aktivierung der IP-Anonymisierung auf dieser Webseite, wird Ihre IP-Adresse von Google jedoch innerhalb von Mitgliedstaaten der Europ\u00e4ischen Union oder in anderen Vertragsstaaten des Abkommens \u00fcber den Europ\u00e4ischen Wirtschaftsraum zuvor gek\u00fcrzt. Nur in Ausnahmef\u00e4llen wird die volle IP-Adresse an einen Server von Google in den USA \u00fcbertragen und dort gek\u00fcrzt. Im Auftrag des Betreibers dieser Website wird Google diese Informationen benutzen, um Ihre Nutzung der Website auszuwerten, um Reports \u00fcber die Websiteaktivit\u00e4ten zusammenzustellen und um weitere mit der Websitenutzung und der Internetnutzung verbundene Dienstleistungen gegen\u00fcber dem Websitebetreiber zu erbringen. Die im Rahmen von Google Analytics von Ihrem Browser \u00fcbermittelte IP-Adresse wird nicht mit anderen Daten von Google zusammengef\u00fchrt. Sie k\u00f6nnen die Speicherung der Cookies durch eine entsprechende Einstellung Ihrer Browser-Software verhindern; wir weisen Sie jedoch darauf hin, dass Sie in diesem Fall gegebenenfalls nicht s\u00e4mtliche Funktionen dieser Website vollumf\u00e4nglich werden nutzen k\u00f6nnen. Sie k\u00f6nnen dar\u00fcber hinaus die Erfassung der durch das Cookie erzeugten und auf Ihre Nutzung der Website bezogenen Daten (inkl. Ihrer IP-Adresse) an Google sowie die Verarbeitung dieser Daten durch Google verhindern, indem sie das unter dem folgenden Link&nbsp;<a href=\"http:\/\/tools.google.com\/dlpage\/gaoptout?hl=de\" target=\"_blank\" rel=\"noreferrer noopener\">http:\/\/tools.google.com\/dlpage\/gaoptout?hl=de<\/a>&nbsp;verf\u00fcgbare Browser-Plugin herunterladen und installieren.<\/p>\n\n\n\n<p>N\u00e4here Informationen hierzu finden Sie unter&nbsp;<a href=\"http:\/\/tools.google.com\/dlpage\/gaoptout?hl=de\" target=\"_blank\" rel=\"noreferrer noopener\">http:\/\/tools.google.com\/dlpage\/gaoptout?hl=de<\/a>, bzw. unter&nbsp;<a href=\"http:\/\/www.google.com\/intl\/de\/analytics\/privacyoverview.html\" target=\"_blank\" rel=\"noreferrer noopener\">http:\/\/www.google.com\/intl\/de\/analytics\/privacyoverview.html<\/a>&nbsp;(allgemeine Informationen zu Google Analytics und Datenschutz). Wir weisen Sie darauf hin, dass auf dieser Webseite Google Analytics um den Code \u201egat._anonymizeIp();\u201c erweitert wurde, um eine anonymisierte Erfassung von IP-Adressen (sog. IP-Masking) zu gew\u00e4hrleisten.<\/p>\n\n\n\n<p><strong>Nutzung von Facebook, Google+, Twitter und Instagram Plugins<br><\/strong>Auf unserer Website werden ggf. sogenannte Social Plugins (\u201e<strong>Plugins<\/strong>\u201c) der sozialen Netzwerke Facebook und Google+, der Mikroblogging-Dienste Twitter und Instagram verwendet. Diese Dienste werden von den Unternehmen Facebook Inc., Google Inc., Twitter Inc. und Instagram LLC. angeboten (\u201e<strong>Anbieter<\/strong>\u201c).<\/p>\n\n\n\n<p>Facebook wird betrieben von der Facebook Inc., 1601 S. California Ave, Palo Alto, CA 94304, USA (\u201cFacebook\u201d). Eine \u00dcbersicht \u00fcber die Plugins von Facebook und deren Aussehen finden Sie hier:&nbsp;<a href=\"https:\/\/developers.facebook.com\/docs\/plugins\" target=\"_blank\" rel=\"noreferrer noopener\">https:\/\/developers.facebook.com\/docs\/plugins<\/a><\/p>\n\n\n\n<p>Google+ wird betrieben von der Google Inc., 1600 Amphitheatre Parkway, Mountain View, CA 94043, USA (\u201eGoogle\u201c). Eine \u00dcbersicht \u00fcber die Plugins von Google und deren Aussehen finden Sie hier:&nbsp;<a href=\"https:\/\/developers.google.com\/+\/web\/\" target=\"_blank\" rel=\"noreferrer noopener\">https:\/\/developers.google.com\/+\/web\/<\/a><\/p>\n\n\n\n<p>Twitter wird betrieben von der Twitter Inc., 1355 Market St, Suite 900, San Francisco, CA 94103, USA (\u201eTwitter\u201c). Eine \u00dcbersicht \u00fcber die Twitter-Buttons und deren Aussehen finden Sie hier:&nbsp;<a href=\"https:\/\/twitter.com\/about\/resources\/buttons\" target=\"_blank\" rel=\"noreferrer noopener\">https:\/\/twitter.com\/about\/resources\/buttons<\/a><\/p>\n\n\n\n<p>Instagram wird betrieben von der Instagram LLC., 1601 Willow Road, Menlo Park, CA 94025, USA (\u201eInstagram\u201c). Eine \u00dcbersicht \u00fcber die Instagram-Buttons und deren Aussehen finden Sie hier:&nbsp;<a href=\"http:\/\/blog.instagram.com\/post\/36222022872\/introducing-instagram-badges\" target=\"_blank\" rel=\"noreferrer noopener\">http:\/\/blog.instagram.com\/post\/36222022872\/introducing-instagram-badges<\/a><\/p>\n\n\n\n<p>Wenn Sie eine Seite unseres Webauftritts aufrufen, die ein solches Plugin enth\u00e4lt, stellt Ihr Browser eine direkte Verbindung zu den Servern von Facebook, Google, Twitter oder Instagram her. Der Inhalt des Plugins wird vom jeweiligen Anbieter direkt an Ihren Browser \u00fcbermittelt und in die Seite eingebunden. Durch die Einbindung der Plugins erhalten die Anbieter die Information, dass Ihr Browser die entsprechende Seite unseres Webauftritts aufgerufen hat, auch wenn Sie kein Profil besitzen oder gerade nicht eingeloggt sind. Diese Information (einschlie\u00dflich Ihrer IP-Adresse) wird von Ihrem Browser direkt an einen Server des jeweiligen Anbieters in die USA \u00fcbermittelt und dort gespeichert.<\/p>\n\n\n\n<p>Sind Sie bei einem der Dienste eingeloggt, k\u00f6nnen die Anbieter den Besuch unserer Website Ihrem Profil auf Facebook, Google+, Twitter bzw. Instagram unmittelbar zuordnen. Wenn Sie mit den Plugins interagieren, zum Beispiel den \u201eGef\u00e4llt mir\u201c-, den \u201e+1\u201c-, den \u201eTwittern\u201c- bzw. den \u201eInstagram\u201c-Button bet\u00e4tigen, wird die entsprechende Information ebenfalls direkt an einen Server der Anbieter \u00fcbermittelt und dort gespeichert. Die Informationen werden au\u00dferdem in dem sozialen Netzwerk, auf Ihrem Twitter- bzw. Instagram-Account ver\u00f6ffentlicht und dort Ihren Kontakten angezeigt.<\/p>\n\n\n\n<p>Zweck und Umfang der Datenerhebung und die weitere Verarbeitung und Nutzung der Daten durch die Anbieter sowie Ihre diesbez\u00fcglichen Rechte und Einstellungsm\u00f6glichkeiten zum Schutz Ihrer Privatsph\u00e4re entnehmen Sie bitte den Datenschutzhinweisen der Anbieter.<\/p>\n\n\n\n<p>Datenschutzhinweise von Facebook:&nbsp;<a href=\"http:\/\/www.facebook.com\/policy.php\" target=\"_blank\" rel=\"noreferrer noopener\">http:\/\/www.facebook.com\/policy.php<\/a>&nbsp;&nbsp;Datenschutzhinweise von Google:&nbsp;<a href=\"http:\/\/www.google.com\/intl\/de\/+\/policy\/+1button.html\" target=\"_blank\" rel=\"noreferrer noopener\">http:\/\/www.google.com\/intl\/de\/+\/policy\/+1button.html<\/a>&nbsp;&nbsp;&nbsp;&nbsp;&nbsp;&nbsp;&nbsp;&nbsp;&nbsp;&nbsp;&nbsp;&nbsp;&nbsp;&nbsp;&nbsp;&nbsp;&nbsp;&nbsp;&nbsp;&nbsp;&nbsp;Datenschutzhinweise von Twitter:&nbsp;<a href=\"https:\/\/twitter.com\/privacy\" target=\"_blank\" rel=\"noreferrer noopener\">https:\/\/twitter.com\/privacy<\/a>&nbsp;&nbsp;&nbsp;&nbsp;&nbsp;&nbsp;&nbsp;&nbsp;Datenschutzhinweise von Instagram&nbsp;<a href=\"https:\/\/help.instagram.com\/155833707900388\/\" target=\"_blank\" rel=\"noreferrer noopener\">https:\/\/help.instagram.com\/155833707900388\/<\/a><\/p>\n\n\n\n<p>Wenn Sie nicht m\u00f6chten, dass Google, Facebook, Twitter oder Instagram die \u00fcber unseren Webauftritt gesammelten Daten unmittelbar Ihrem Profil in dem jeweiligen Dienst zuordnen, m\u00fcssen Sie sich vor Ihrem Besuch unserer Website bei dem entsprechenden Dienst ausloggen. Sie k\u00f6nnen das Laden der Plugins auch mit Add-Ons f\u00fcr Ihren Browser komplett verhindern, z. B. mit dem Skript-Blocker \u201eNoScript\u201c (http:\/\/noscript.net\/).<\/p>\n\n\n\n<p><strong>Diensteanbieter im Sinne des Telemediengesetz<br><\/strong>Diensteanbieter im Sinne des Telemediengesetzes und verantwortliche Stelle im Sinne des Bundesdatenschutzgesetzes ist Herr Christoph Raffelt,&nbsp;<strong>B\u00fcro f\u00fcr Wein &amp; Kommunikation<\/strong>, Rothestra\u00dfe 66, 22765 Hamburg, Deutschland.<\/p>\n\n\n\n<h1 class=\"wp-block-heading\">Cookies und Meldungen zu Zugriffszahlen<\/h1>\n\n\n\n<p>Wir setzen \u201eSession-Cookies\u201c der VG Wort, M\u00fcnchen, zur Messung von Zugriffen auf Texten ein, um die Kopierwahrscheinlichkeit zu erfassen. Session-Cookies sind kleine Informationseinheiten, die ein Anbieter im Arbeitsspeicher des Computers des Besuchers speichert. In einem Session-Cookie wird eine zuf\u00e4llig erzeugte eindeutige Identifikationsnummer abgelegt, eine sogenannte Session-ID. Au\u00dferdem enth\u00e4lt ein Cookie die Angabe \u00fcber seine Herkunft und die Speicherfrist. Session-Cookies k\u00f6nnen keine anderen Daten speichern. Diese Messungen werden von der INFOnline GmbH nach dem Skalierbaren Zentralen Messverfahren (SZM) durchgef\u00fchrt. Sie helfen dabei, die Kopierwahrscheinlichkeit einzelner Texte zur Verg\u00fctung von gesetzlichen Anspr\u00fcchen von Autoren und Verlagen zu ermitteln. Wir erfassen keine personenbezogenen Daten \u00fcber Cookies.<\/p>\n\n\n\n<p>Viele unserer Seiten sind mit JavaScript-Aufrufen versehen, \u00fcber die wir die Zugriffe an die Verwertungsgesellschaft Wort (VG Wort) melden. Wir erm\u00f6glichen damit, dass unsere Autoren an den Aussch\u00fcttungen der VG Wort partizipieren, die die gesetzliche Verg\u00fctung f\u00fcr die Nutzungen urheberrechtlich gesch\u00fctzter Werke gem. \u00a7 53 UrhG sicherstellen.<\/p>\n\n\n\n<p>Eine Nutzung unserer Angebote ist auch ohne Cookies m\u00f6glich. Die meisten Browser sind so eingestellt, dass sie Cookies automatisch akzeptieren. Sie k\u00f6nnen das Speichern von Cookies jedoch deaktivieren oder Ihren Browser so einstellen, dass er Sie benachrichtigt, sobald Cookies gesendet werden.<\/p>\n\n\n\n<p><strong>Datenschutzerkl\u00e4rung zur Nutzung des Skalierbaren Zentralen Messverfahrens<\/strong><\/p>\n\n\n\n<p>Unsere Website und unser mobiles Webangebot nutzen das \u201eSkalierbare Zentrale Messverfahren\u201c (SZM) der INFOnline GmbH (https:\/\/www.infonline.de) f\u00fcr die Ermittlung statistischer Kennwerte zur Ermittlung der Kopierwahrscheinlichkeit von Texten.<\/p>\n\n\n\n<p>Dabei werden anonyme Messwerte erhoben. Die Zugriffszahlenmessung verwendet zur Wiedererkennung von Computersystemen alternativ ein Session-Cookie oder eine Signatur, die aus verschiedenen automatisch \u00fcbertragenen Informationen Ihres Browsers erstellt wird. IP-Adressen werden nur in anonymisierter Form verarbeitet.<\/p>\n\n\n\n<p>Das Verfahren wurde unter der Beachtung des Datenschutzes entwickelt. Einziges Ziel des Verfahrens ist es, die Kopierwahrscheinlichkeit einzelner Texte zu ermitteln.<\/p>\n\n\n\n<p>Zu keinem Zeitpunkt werden einzelne Nutzer identifiziert. Ihre Identit\u00e4t bleibt immer gesch\u00fctzt. Sie erhalten \u00fcber das System keine Werbung.<br><\/p>\n","protected":false},"excerpt":{"rendered":"<p>\u00bbZwei \u00fcber Null \u2013 der Podcast \u00fcber Getr\u00e4nke mit No und Low Alkohol\u00ab &nbsp;nimmt&nbsp;an keinerlei Linktauschprogrammen teil, noch ver\u00f6ffentlicht es&nbsp;Content von Agenturen, es gibt also keine&nbsp;sponsored posts\/advertorials\/Gastartikel. Der Herausgeber ist&nbsp;zwar [&hellip;]<\/p>\n","protected":false},"author":2,"featured_media":0,"parent":0,"menu_order":0,"comment_status":"closed","ping_status":"closed","template":"","meta":{"footnotes":""},"class_list":["post-993","page","type-page","status-publish","hentry"],"_links":{"self":[{"href":"https:\/\/www.zweiuebernull.de\/index.php\/wp-json\/wp\/v2\/pages\/993","targetHints":{"allow":["GET"]}}],"collection":[{"href":"https:\/\/www.zweiuebernull.de\/index.php\/wp-json\/wp\/v2\/pages"}],"about":[{"href":"https:\/\/www.zweiuebernull.de\/index.php\/wp-json\/wp\/v2\/types\/page"}],"author":[{"embeddable":true,"href":"https:\/\/www.zweiuebernull.de\/index.php\/wp-json\/wp\/v2\/users\/2"}],"replies":[{"embeddable":true,"href":"https:\/\/www.zweiuebernull.de\/index.php\/wp-json\/wp\/v2\/comments?post=993"}],"version-history":[{"count":5,"href":"https:\/\/www.zweiuebernull.de\/index.php\/wp-json\/wp\/v2\/pages\/993\/revisions"}],"predecessor-version":[{"id":1062,"href":"https:\/\/www.zweiuebernull.de\/index.php\/wp-json\/wp\/v2\/pages\/993\/revisions\/1062"}],"wp:attachment":[{"href":"https:\/\/www.zweiuebernull.de\/index.php\/wp-json\/wp\/v2\/media?parent=993"}],"curies":[{"name":"wp","href":"https:\/\/api.w.org\/{rel}","templated":true}]}}